(6).
-10
Let f(x) = -x**2 + 2*x + 6. Let z = 34 - 38. Let i(k) = -k + 2. Let b be i(-7). Let h = b + z. What is f(h)?
-9
Let v = 33 - 18. Let x be (v/6 + -1)*2. Let i(w) = 7 - x*w + 2 + 2*w. Calculate i(5).
4
Suppose 0*z + 8 = -4*z. Let a(k) = -2*k**3 - 2*k**2 - 4*k + 4. Let d(q) = q**3 + q**2 + 3*q - 3. Let b(x) = 2*a(x) + 3*d(x). Calculate b(z).
1
Let l(c) = c**3 - 7*c**2 + 6*c + 4. Suppose m + 5*r - 20 = 0, -2*m - r - 2 = -3*m. Suppose -5*y - 2*j + 20 = -0*j, 0 = m*y + 5*j - 5. What is l(y)?
4
Let x(b) be the first derivative of -b**4/4 + b**3/3 - b**2/2 + 16*b - 41. What is x(0)?
16
Suppose 4 = 4*h + 2*z - 0, -4*h + 4*z + 16 = 0. Let f(a) = -4 + h*a + 6 + a. Let b(x) = -x**3 + 6*x**2 - 6*x + 7. Let c be b(5). What is f(c)?
8
Let g(l) be the first derivative of l**4/2 - l**3/3 + 4. Determine g(1).
1
Let h = 1 - 5. Let g(q) = 2*q - 3. Give g(h).
-11
Suppose 0 = -2*w + 3*w - 5. Let x(d) = -1 - d + w - 3*d + 2*d. What is x(3)?
-2
Let t(j) = -j**3 + 11*j**2 + 3. Let k be 11/((-1)/(-3)*3). Determine t(k).
3
Let i(q) = 2*q + 4. Let b(w) = -w - 2. Let f(n) = -7*b(n) - 3*i(n). Determine f(-7).
-5
Let p(a) = -2*a - 5. Suppose -3*b + 5 = 17. Give p(b).
3
Let z(v) = v**2 + v - 1. Let g(j) = j**2 - 3*j - 2. Let r(x) = -2*x**2 + 9*x + 5. Let i(q) = -7*g(q) - 2*r(q). Let b(a) = -i(a) - 2*z(a). Determine b(5).
-2
Let v(r) be the third derivative of r**4/12 - r**3/2 - r**2. Let j = 2 + 2. Suppose -j*c + 3 = -9. Determine v(c).
3
Let n = -29 - -25. Let o(a) be the second derivative of a**4/12 + a**3/2 - a**2/2 - 3*a. Give o(n).
3
Let q(b) = -b + 4*b - 2*b - 4. Let d(g) = -g**3 - 4*g**2 - 3*g - 1. Let j be d(-3). Let c be j/(-3)*0 + -4. Determine q(c).
-8
Let i(s) = 4*s + 5. Let t(f) = -11*f - 15. Let v(l) = 7*i(l) + 2*t(l). What is v(-4)?
-19
Let f(b) = -b**3 + 5*b**2 + b - 4. Suppose -3*y - 4*h + 15 = 0, -3*y - 2*h + 15 = h. Determine f(y).
1
Let t(o) be the second derivative of 1/3*o**3 - 3*o + 1/2*o**2 + 0. Calculate t(1).
3
Let j(l) = 9*l**3 + 5*l**2 - l + 5. Let d(f) = f**2 + 1 + 0*f**3 + 7*f**2 - 7*f**2 + f**3. Let b(h) = 4*d(h) - j(h). What is b(1)?
-6
Suppose 5*y + 6 = -y. Let v(l) = 1 + 0 - 2 - 3*l. Calculate v(y).
2
Let a = 0 + -1. Let z = 1 - a. Let k(o) = 5*o**3 + 4*o**2 - 12*o + 8. Let u(y) = y**3 + y**2 - 3*y + 2. Let t(v) = 2*k(v) - 9*u(v). Determine t(z).
8
Let c(s) = -s**2 - 23*s - 44. Let f be c(-21). Let g(v) = v**2 - v - 1. Give g(f).
5
Let u(i) be the third derivative of -i**5/60 - 5*i**4/24 - i**3/3 - 10*i**2. Calculate u(-3).
4
Let y(d) = -d**2 + 5*d + 8. Let h = 15 - 9. Let a be y(h). Let p(c) = 0*c + 3*c**a + c + 0*c - 2*c**2. Determine p(0).
0
Let u(q) be the first derivative of -q**4/4 + 7*q**3/3 - 7*q**2/2 - 3*q + 31. Calculate u(6).
-9
Let d(p) = p**3 - 4*p**2 - 5*p + 7. Suppose 5*n - 2*n = -5*v + 37, 3*v = -2*n + 23. What is d(v)?
7
Let y(u) = u - 11. Let t be (-15)/6*(-72)/30. Determine y(t).
-5
Suppose t = -2*g + 5, g + 2 = -t + 6. Let q(z) = 7*z - 4*z + 0*z**t + 0 - 3*z**2 - 2 - z**3. Calculate q(-3).
-11
Let w(c) = -8*c + 6. Let r = 101 + -97. Calculate w(r).
-26
Let t(q) = -q**2 - q + 3. Let n be (-3 - (-4 + 2)) + (-2 - 0). Calculate t(n).
-3
Let c(g) = g + 17. Let u be c(-12). Let p(o) = -6*o - 6*o + u*o + 5 + o**2. Calculate p(5).
-5
Let l(z) = z**3 + z**2 - z + 1. Let b(s) = -7*s**3 - 10*s**2 + 8*s - 6. Let k(n) = -b(n) - 6*l(n). What is k(-5)?
-15
Let a(y) be the second derivative of 5*y**3/6 - 3*y**2/2 + y. Suppose -6*f + 4*f = 4*n - 6, 0 = -n + 2*f + 9. Let r = 5 - n. Determine a(r).
7
Let v(q) be the second derivative of -q**5/20 - q**4/3 + 7*q**3/6 + 7*q**2/2 - 3*q. Let x be v(-5). Let w = x + 7. Let s(m) = -m**2 + 4*m + 3. What is s(w)?
3
Let a = -2 - -5. Let q(i) = -a*i**2 - 5 + i**2 - i**3 + 6*i**2 + 2*i. Calculate q(4).
3
Let p = 33 - 13. Let w be p/16 - 2/8. Let z(t) = 2*t**3 + 2*t**2 + 2*t - 3. Let f(l) = 2*l**3 + 2*l**2 + 3*l - 4. Let c(i) = 2*f(i) - 3*z(i). Give c(w).
-3
Let a(l) = l**3 + l**2 - 4. Let u(t) = -t**2 + 4*t - 3. Let q(j) = 4*j**2 - 8*j + j**2 - 8*j + 11. Let y(d) = 2*q(d) + 9*u(d). Let w be y(-5). Calculate a(w).
-4
Let j(a) = 4*a**2 - 23*a + 8. Let w(h) = h**2 + h + 1. Let v(r) = j(r) - 3*w(r). Let z(q) = 5*q - 1. Let m(t) = 2*v(t) + 11*z(t). Determine m(-3).
8
Let t(a) = -34*a**2 + 33*a**2 + 5*a + 3 - 8 + 2*a. Determine t(4).
7
Let r(j) = 10*j**3 - 3*j**2 - 6*j - 10. Let z(o) = -7*o**3 + 2*o**2 + 4*o + 7. Let w(m) = -5*r(m) - 7*z(m). Give w(3).
-11
Suppose 3*b + 20 = 4*t, 5*b - 3*t = b - 22. Let i(k) = k**2 + 4*k + 2. What is i(b)?
2
Suppose 0 = -4*k + 18 - 2. Let y(p) = -4*p + 3 + 2 + 3*p - k. Suppose 0 = 5*j - j - 12. Give y(j).
-2
Let t(f) = -f**2 - 10*f - 5. Let r be t(-9). Suppose 0 = r*w + w. Suppose w = m + 5*n + 4 - 19, 0 = -n + 3. Let q(x) = -x**3 - x**2 - x - 6. Determine q(m).
-6
Let u(m) = -2*m**2 - 3*m + 2. Suppose 0 = -7*x + 11*x + 12. Let n be (-8)/x + 12/(-18). Calculate u(n).
-12
Let i be -4 - (-6 - -3) - -4. Let t(g) = g**3 - 5*g**2 + 2*g + 2. Give t(i).
-10
Let i(w) = -2*w**2 - 2*w + 3*w**2 + 1 - w. Suppose -14*q + 4*q + 40 = 0. Calculate i(q).
5
Let t(q) be the third derivative of -1/120*q**6 + 0*q + 0 - 4*q**2 + 1/12*q**4 + 1/60*q**5 + 0*q**3. Give t(-2).
8
Let p(b) be the second derivative of -b**3/6 + 3*b**2 - 2*b. Suppose 3*r = 5*z + 7*r + 20, 15 = 3*z - 3*r. Let q = z + 5. What is p(q)?
1
Let c = 17 - 14. Let o(z) = z + 1. Determine o(c).
4
Let t(i) = i - 2. Let p be t(4). Let w(j) = -j**2 + p*j**2 + 0*j**2 - 2. Let y be ((-4)/4)/((-2)/(-4)). What is w(y)?
2
Let m(k) = k**3 - 5*k**2 + 2. Let o(n) = 2*n**2. Let u be o(1). Let z(y) = -4*y**u - y**3 - 3*y - 2 + y**2 - 2. Let v be z(-3). What is m(v)?
2
Let q(c) = 2*c**3 - 4*c**2 - 6*c - 5. Let j(i) = 3*i**3 - 5*i**2 - 7*i - 6. Let n(z) = -3*j(z) + 4*q(z). Calculate n(-2).
8
Let v(m) = m**3 - 4*m**2 - 6*m + 4. Let c be v(5). Let p(l) be the first derivative of -3*l**2/2 - 3. Determine p(c).
3
Suppose 3*w = 4*w + 3. Let g(z) = -2*z + 1. Give g(w).
7
Suppose 4*z - 18 = 2. Suppose -2 - 2 = -m. Let f(d) = 3*d - 1 + 0 - m*d. Give f(z).
-6
Let g = 2 + 4. Let z(s) = 4*s - 6. Determine z(g).
18
Let r(u) = -2*u + 3*u + u**3 + 2*u**3 - 2*u - 1. Determine r(-1).
-3
Let n(x) be the first derivative of 1/2*x**2 + 3 + 2*x. What is n(2)?
4
Let a(l) = l**2 - l. Suppose -2*z = -p - 6, -p = -4*p + 6. Suppose -3*c = -z*c. Determine a(c).
0
Let t(u) be the second derivative of -u**5/20 + u**4/6 - u**3/3 + u**2/2 + 18*u. Calculate t(2).
-3
Suppose 2*n = 4 - 0. Let q(u) = 16*u + 21. Let b(p) = 4*p + 5. Let l(g) = n*q(g) - 9*b(g). Suppose 3 = -2*x + x. Give l(x).
9
Let j = 27 + -18. Suppose 5*k - j*k - 12 = 0. Let n(h) = -4*h - 19. Let i(y) = 2*y + 9. Let p(r) = -13*i(r) - 6*n(r). Give p(k).
3
Suppose 4*o - 1 = 11. Let m be 3 + (o/(-3) - 2). Let x(u) = u**3 - u**2 - u - 3. Calculate x(m).
-3
Let w = 2 + 3. Suppose -p + 2*p = -5*h + 18, w*p - 4*h + 26 = 0. Let a be ((-2)/6)/(p/30). Let r(z) = z**3 - 6*z**2 + 5*z - 4. Determine r(a).
-4
Suppose 128 = 4*j + 4*t, j - 3*t - 64 = -j. Suppose 4*p = -0 - j. Let n(a) = a**2 + 8*a - 5. Give n(p).
-5
Let f(z) be the second derivative of z**3 + 0 + 2*z**2 + 1/12*z**4 + z. Determine f(-5).
-1
Let v be -7*2*(-1)/(-2). Let n(k) = -k - 5. Give n(v).
2
Let r(n) = -n - 2. Let w(y) = -3. Let l(s) = 1. Let o(m) = 4*l(m) + w(m). Let v(b) = -2*o(b) + r(b). Calculate v(4).
-8
Let o(a) = -a**3 + a + 8. Let k = 4 + -9. Let b = k + 5. Determine o(b).
8
Let u(b) = b**2 + 5*b + 1. Suppose -v + 1 + 4 = 0. Suppose 12 = -2*d + v*z + 4, -z + 4 = 0. Let g = -11 + d. Give u(g).
1
Let k(m) = m**2. Suppose 2*p - 4*p = -4. Let o be 3/p*6/9. What is k(o)?
1
Let l(m) = m**3 - 4*m**2 - m**2 + 4 + 0*m**2 - m - 2*m**3. Calculate l(-3).
-11
Let i(u) = -6 - u + 3 + 5 + 1. Determine i(-4).
7
Let z(r) = 3*r - 1 - 3*r - 2*r. Suppose -5*i - 4*y = -2*y + 7, 2*y = 8. Give z(i).
5
Let v = -29 + 31. Let o be 2 - ((-3)/(-1) + 1). Let a = o + v. Let b(k) = k + 7. Determine b(a).
7
Let b(h) = -9*h + 1. Suppose 5*n + 0 = 2*z - 5, -4*n = z - 9. Determine b(n).
-8
Suppose d - 6 = -3*d + 5*h, 4*h - 8 = 0. Suppose -2*p + 3*p = -5*n + 10, 2*p - 6 = d*n. Let j(c) = c. What is j(p)?
5
Let o(d) be the first derivative of d**2/2 - 6*d - 22. Calculate o(5).
-1
Let w = -91 - -86. Let v(r) = -r**2 - 6*r - 2. Give v(w).
3
Let g(w) be the first derivative o